[INFO] fetching crate acme-dns-rust 1.1.6...
[INFO] checking acme-dns-rust-1.1.6 against master#e6e4f7ed1589e03bc2f6c5931c1a72e7947e8682 for beta-170-4
[INFO] extracting crate acme-dns-rust 1.1.6 into /workspace/builds/worker-4-tc2/source
[INFO] validating manifest of crates.io crate acme-dns-rust 1.1.6 on toolchain e6e4f7ed1589e03bc2f6c5931c1a72e7947e8682
[INFO] running `Command { std: CARGO_HOME="/workspace/cargo-home" RUSTUP_HOME="/workspace/rustup-home" "/workspace/cargo-home/bin/cargo" "+e6e4f7ed1589e03bc2f6c5931c1a72e7947e8682" "metadata" "--manifest-path" "Cargo.toml" "--no-deps", kill_on_drop: false }`
[INFO] started tweaking crates.io crate acme-dns-rust 1.1.6
[INFO] finished tweaking crates.io crate acme-dns-rust 1.1.6
[INFO] tweaked toml for crates.io crate acme-dns-rust 1.1.6 written to /workspace/builds/worker-4-tc2/source/Cargo.toml
[INFO] crate crates.io crate acme-dns-rust 1.1.6 already has a lockfile, it will not be regenerated
[INFO] running `Command { std: CARGO_HOME="/workspace/cargo-home" RUSTUP_HOME="/workspace/rustup-home" "/workspace/cargo-home/bin/cargo" "+e6e4f7ed1589e03bc2f6c5931c1a72e7947e8682" "fetch" "--manifest-path" "Cargo.toml", kill_on_drop: false }`
[INFO] running `Command { std: "docker" "create" "-v" "/var/lib/crater-agent-workspace/builds/worker-4-tc2/target:/opt/rustwide/target:rw,Z" "-v" "/var/lib/crater-agent-workspace/builds/worker-4-tc2/source:/opt/rustwide/workdir:ro,Z" "-v" "/var/lib/crater-agent-workspace/cargo-home:/opt/rustwide/cargo-home:ro,Z" "-v" "/var/lib/crater-agent-workspace/rustup-home:/opt/rustwide/rustup-home:ro,Z" "-e" "SOURCE_DIR=/opt/rustwide/workdir" "-e" "CARGO_TARGET_DIR=/opt/rustwide/target" "-e" "CARGO_HOME=/opt/rustwide/cargo-home" "-e" "RUSTUP_HOME=/opt/rustwide/rustup-home" "-w" "/opt/rustwide/workdir" "-m" "1610612736" "--user" "0:0" "--network" "none" "ghcr.io/rust-lang/crates-build-env/linux@sha256:19e73879b68f455e41552ea35293514db52ea292d993f571636dbffedb77a1ee" "/opt/rustwide/cargo-home/bin/cargo" "+e6e4f7ed1589e03bc2f6c5931c1a72e7947e8682" "metadata" "--no-deps" "--format-version=1", kill_on_drop: false }`
[INFO] [stdout] 8e5712a40a662dc0f0b2d5c9edc781d59827a3f4303016ca3a3ab4a11c9038ef
[INFO] running `Command { std: "docker" "start" "-a" "8e5712a40a662dc0f0b2d5c9edc781d59827a3f4303016ca3a3ab4a11c9038ef", kill_on_drop: false }`
[INFO] running `Command { std: "docker" "inspect" "8e5712a40a662dc0f0b2d5c9edc781d59827a3f4303016ca3a3ab4a11c9038ef", kill_on_drop: false }`
[INFO] running `Command { std: "docker" "rm" "-f" "8e5712a40a662dc0f0b2d5c9edc781d59827a3f4303016ca3a3ab4a11c9038ef", kill_on_drop: false }`
[INFO] [stdout] 8e5712a40a662dc0f0b2d5c9edc781d59827a3f4303016ca3a3ab4a11c9038ef
[INFO] running `Command { std: "docker" "create" "-v" "/var/lib/crater-agent-workspace/builds/worker-4-tc2/target:/opt/rustwide/target:rw,Z" "-v" "/var/lib/crater-agent-workspace/builds/worker-4-tc2/source:/opt/rustwide/workdir:ro,Z" "-v" "/var/lib/crater-agent-workspace/cargo-home:/opt/rustwide/cargo-home:ro,Z" "-v" "/var/lib/crater-agent-workspace/rustup-home:/opt/rustwide/rustup-home:ro,Z" "-e" "SOURCE_DIR=/opt/rustwide/workdir" "-e" "CARGO_TARGET_DIR=/opt/rustwide/target" "-e" "CARGO_INCREMENTAL=0" "-e" "RUST_BACKTRACE=full" "-e" "RUSTFLAGS=--cap-lints=forbid" "-e" "RUSTDOCFLAGS=--cap-lints=forbid" "-e" "CARGO_HOME=/opt/rustwide/cargo-home" "-e" "RUSTUP_HOME=/opt/rustwide/rustup-home" "-w" "/opt/rustwide/workdir" "-m" "1610612736" "--user" "0:0" "--network" "none" "ghcr.io/rust-lang/crates-build-env/linux@sha256:19e73879b68f455e41552ea35293514db52ea292d993f571636dbffedb77a1ee" "/opt/rustwide/cargo-home/bin/cargo" "+e6e4f7ed1589e03bc2f6c5931c1a72e7947e8682" "check" "--frozen" "--all" "--all-targets" "--message-format=json", kill_on_drop: false }`
[INFO] [stdout] 4b671233add2016227ec756712db9206f6778cac660e0800f718525960ba5e85
[INFO] running `Command { std: "docker" "start" "-a" "4b671233add2016227ec756712db9206f6778cac660e0800f718525960ba5e85", kill_on_drop: false }`
[INFO] [stderr]    Compiling libc v0.2.125
[INFO] [stderr]    Compiling proc-macro2 v1.0.37
[INFO] [stderr]    Compiling unicode-xid v0.2.3
[INFO] [stderr]    Compiling syn v1.0.92
[INFO] [stderr]    Compiling version_check v0.9.4
[INFO] [stderr]     Checking cfg-if v1.0.0
[INFO] [stderr]    Compiling autocfg v1.1.0
[INFO] [stderr]    Compiling memchr v2.5.0
[INFO] [stderr]    Compiling log v0.4.17
[INFO] [stderr]    Compiling cc v1.0.73
[INFO] [stderr]     Checking once_cell v1.10.0
[INFO] [stderr]    Compiling futures-core v0.3.21
[INFO] [stderr]    Compiling typenum v1.15.0
[INFO] [stderr]    Compiling generic-array v0.14.5
[INFO] [stderr]    Compiling serde_derive v1.0.137
[INFO] [stderr]    Compiling quote v1.0.18
[INFO] [stderr]    Compiling serde v1.0.137
[INFO] [stderr]     Checking pin-project-lite v0.2.9
[INFO] [stderr]     Checking lazy_static v1.4.0
[INFO] [stderr]     Checking bytes v1.1.0
[INFO] [stderr]    Compiling futures-task v0.3.21
[INFO] [stderr]    Compiling futures-channel v0.3.21
[INFO] [stderr]     Checking getrandom v0.2.6
[INFO] [stderr]     Checking itoa v1.0.1
[INFO] [stderr]    Compiling ahash v0.7.6
[INFO] [stderr]    Compiling futures-util v0.3.21
[INFO] [stderr]     Checking futures-sink v0.3.21
[INFO] [stderr]    Compiling ring v0.16.20
[INFO] [stderr]     Checking socket2 v0.4.4
[INFO] [stderr]     Checking signal-hook-registry v1.4.0
[INFO] [stderr]     Checking mio v0.8.2
[INFO] [stderr]     Checking num_cpus v1.13.1
[INFO] [stderr]     Checking percent-encoding v2.1.0
[INFO] [stderr]     Checking matches v0.1.9
[INFO] [stderr]     Checking spin v0.5.2
[INFO] [stderr]     Checking untrusted v0.7.1
[INFO] [stderr]     Checking tinyvec_macros v0.1.0
[INFO] [stderr]    Compiling lock_api v0.4.7
[INFO] [stderr]     Checking tinyvec v1.6.0
[INFO] [stderr]    Compiling parking_lot_core v0.8.5
[INFO] [stderr]     Checking slab v0.4.6
[INFO] [stderr]     Checking smallvec v1.8.0
[INFO] [stderr]     Checking pin-utils v0.1.0
[INFO] [stderr]     Checking futures-io v0.3.21
[INFO] [stderr]     Checking form_urlencoded v1.0.1
[INFO] [stderr]    Compiling num-traits v0.2.15
[INFO] [stderr]     Checking base64 v0.13.0
[INFO] [stderr]     Checking unicode-bidi v0.3.8
[INFO] [stderr]     Checking tracing-core v0.1.26
[INFO] [stderr]    Compiling indexmap v1.8.1
[INFO] [stderr]    Compiling serde_json v1.0.81
[INFO] [stderr]     Checking crypto-common v0.1.3
[INFO] [stderr]     Checking fnv v1.0.7
[INFO] [stderr]     Checking unicode-normalization v0.1.19
[INFO] [stderr]     Checking hashbrown v0.11.2
[INFO] [stderr]     Checking block-buffer v0.10.2
[INFO] [stderr]     Checking rand_core v0.6.3
[INFO] [stderr]     Checking subtle v2.4.1
[INFO] [stderr]     Checking ryu v1.0.9
[INFO] [stderr]     Checking ppv-lite86 v0.2.16
[INFO] [stderr]     Checking digest v0.10.3
[INFO] [stderr]     Checking http v0.2.7
[INFO] [stderr]    Compiling standback v0.2.17
[INFO] [stderr]     Checking rand_chacha v0.3.1
[INFO] [stderr]     Checking instant v0.1.12
[INFO] [stderr]    Compiling unicode-segmentation v1.9.0
[INFO] [stderr]     Checking scopeguard v1.1.0
[INFO] [stderr]     Checking idna v0.2.3
[INFO] [stderr]     Checking rand v0.8.5
[INFO] [stderr]    Compiling heck v0.4.0
[INFO] [stderr]     Checking url v2.2.2
[INFO] [stderr]    Compiling proc-macro-hack v0.5.19
[INFO] [stderr]    Compiling crossbeam-utils v0.8.8
[INFO] [stderr]     Checking parking_lot v0.11.2
[INFO] [stderr]    Compiling async-trait v0.1.53
[INFO] [stderr]     Checking webpki v0.21.4
[INFO] [stderr]     Checking sct v0.6.1
[INFO] [stderr]     Checking rustls v0.19.1
[INFO] [stderr]     Checking webpki-roots v0.21.1
[INFO] [stderr]    Compiling num-integer v0.1.45
[INFO] [stderr]    Compiling unicase v2.6.0
[INFO] [stderr]    Compiling crossbeam-queue v0.3.5
[INFO] [stderr]     Checking regex-syntax v0.6.25
[INFO] [stderr]    Compiling const_fn v0.4.9
[INFO] [stderr]     Checking cpufeatures v0.2.2
[INFO] [stderr]     Checking time v0.1.43
[INFO] [stderr]    Compiling time v0.2.27
[INFO] [stderr]     Checking data-encoding v2.3.2
[INFO] [stderr]     Checking bitflags v1.3.2
[INFO] [stderr]     Checking ipnet v2.5.0
[INFO] [stderr]    Compiling pkg-config v0.3.25
[INFO] [stderr]    Compiling openssl-sys v0.9.73
[INFO] [stderr]     Checking aho-corasick v0.7.18
[INFO] [stderr]    Compiling cookie v0.14.4
[INFO] [stderr]    Compiling ident_case v1.0.1
[INFO] [stderr]    Compiling minimal-lexical v0.2.1
[INFO] [stderr]    Compiling either v1.6.1
[INFO] [stderr]    Compiling strsim v0.10.0
[INFO] [stderr]     Checking nom v7.1.1
[INFO] [stderr]    Compiling itertools v0.10.3
[INFO] [stderr]    Compiling darling_core v0.13.4
[INFO] [stderr]     Checking regex v1.5.5
[INFO] [stderr]    Compiling tokio-macros v1.7.0
[INFO] [stderr]    Compiling futures-macro v0.3.21
[INFO] [stderr]    Compiling thiserror-impl v1.0.31
[INFO] [stderr]    Compiling tracing-attributes v0.1.21
[INFO] [stderr]     Checking tokio v1.18.1
[INFO] [stderr]    Compiling time-macros-impl v0.1.2
[INFO] [stderr]     Checking thiserror v1.0.31
[INFO] [stderr]    Compiling enum-as-inner v0.3.4
[INFO] [stderr]     Checking time-macros v0.1.1
[INFO] [stderr]     Checking tracing v0.1.34
[INFO] [stderr]     Checking sha-1 v0.10.0
[INFO] [stderr]    Compiling hmac v0.12.1
[INFO] [stderr]    Compiling dirs-sys v0.3.7
[INFO] [stderr]    Compiling paste v1.0.7
[INFO] [stderr]     Checking byteorder v1.4.3
[INFO] [stderr]     Checking match_cfg v0.1.0
[INFO] [stderr]    Compiling httparse v1.7.1
[INFO] [stderr]    Compiling crc-catalog v1.1.1
[INFO] [stderr]    Compiling unicode_categories v0.1.1
[INFO] [stderr]     Checking tokio-rustls v0.22.0
[INFO] [stderr]     Checking tokio-util v0.7.1
[INFO] [stderr]     Checking tokio-stream v0.1.8
[INFO] [stderr]    Compiling atoi v0.4.0
[INFO] [stderr]    Compiling sqlformat v0.1.8
[INFO] [stderr]    Compiling crc v2.1.0
[INFO] [stderr]     Checking hostname v0.3.1
[INFO] [stderr]    Compiling dirs v4.0.0
[INFO] [stderr]     Checking h2 v0.3.13
[INFO] [stderr]     Checking futures-executor v0.3.21
[INFO] [stderr]    Compiling hkdf v0.12.3
[INFO] [stderr]    Compiling mime_guess v2.0.4
[INFO] [stderr]    Compiling sqlx-rt v0.5.13
[INFO] [stderr]    Compiling darling_macro v0.13.4
[INFO] [stderr]    Compiling pin-project-internal v1.0.10
[INFO] [stderr]    Compiling futures-intrusive v0.4.0
[INFO] [stderr]     Checking trust-dns-proto v0.20.4
[INFO] [stderr]     Checking chrono v0.4.19
[INFO] [stderr]    Compiling sha2 v0.10.2
[INFO] [stderr]    Compiling hashlink v0.7.0
[INFO] [stderr]     Checking regex-automata v0.1.10
[INFO] [stderr]    Compiling stringprep v0.1.2
[INFO] [stderr]    Compiling md-5 v0.10.1
[INFO] [stderr]     Checking publicsuffix v1.5.6
[INFO] [stderr]     Checking inout v0.1.3
[INFO] [stderr]     Checking nibble_vec v0.1.0
[INFO] [stderr]     Checking try-lock v0.2.3
[INFO] [stderr]    Compiling openssl v0.10.40
[INFO] [stderr]     Checking foreign-types-shared v0.1.1
[INFO] [stderr]    Compiling hex v0.4.3
[INFO] [stderr]    Compiling protobuf v2.27.1
[INFO] [stderr]     Checking endian-type v0.1.2
[INFO] [stderr]     Checking num_threads v0.1.6
[INFO] [stderr]    Compiling whoami v1.2.1
[INFO] [stderr]     Checking trust-dns-rustls v0.20.4
[INFO] [stderr]     Checking httpdate v1.0.2
[INFO] [stderr]    Compiling event-listener v2.5.2
[INFO] [stderr]     Checking quick-error v1.2.3
[INFO] [stderr]     Checking trust-dns-https v0.20.4
[INFO] [stderr]     Checking mime v0.3.16
[INFO] [stderr]     Checking linked-hash-map v0.5.4
[INFO] [stderr]    Compiling rustversion v1.0.6
[INFO] [stderr]     Checking resolv-conf v0.7.0
[INFO] [stderr]     Checking lru-cache v0.1.2
[INFO] [stderr]     Checking radix_trie v0.2.1
[INFO] [stderr]    Compiling sqlx-core v0.5.13
[INFO] [stderr]     Checking time v0.3.9
[INFO] [stderr]     Checking foreign-types v0.3.2
[INFO] [stderr]     Checking want v0.3.0
[INFO] [stderr]     Checking cookie_store v0.12.0
[INFO] [stderr]     Checking matchers v0.0.1
[INFO] [stderr]     Checking cipher v0.4.3
[INFO] [stderr]     Checking pin-project v1.0.10
[INFO] [stderr]     Checking tracing-serde v0.1.3
[INFO] [stderr]    Compiling darling v0.13.4
[INFO] [stderr]     Checking futures v0.3.21
[INFO] [stderr]    Compiling openssl-macros v0.1.0
[INFO] [stderr]     Checking headers-core v0.2.0
[INFO] [stderr]     Checking http-body v0.4.4
[INFO] [stderr]     Checking tracing-log v0.1.3
[INFO] [stderr]     Checking qstring v0.7.2
[INFO] [stderr]     Checking sharded-slab v0.1.4
[INFO] [stderr]     Checking atty v0.2.14
[INFO] [stderr]     Checking thread_local v1.1.4
[INFO] [stderr]    Compiling prometheus v0.13.0
[INFO] [stderr]     Checking humantime v2.1.0
[INFO] [stderr]    Compiling anyhow v1.0.57
[INFO] [stderr]    Compiling dotenv v0.15.0
[INFO] [stderr]     Checking chunked_transfer v1.4.0
[INFO] [stderr]     Checking termcolor v1.1.3
[INFO] [stderr]     Checking tower-service v0.3.1
[INFO] [stderr]     Checking ansi_term v0.12.1
[INFO] [stderr]     Checking hyper v0.14.18
[INFO] [stderr]     Checking env_logger v0.8.4
[INFO] [stderr]     Checking ureq v1.5.5
[INFO] [stderr]     Checking headers v0.3.7
[INFO] [stderr]     Checking tracing-subscriber v0.2.25
[INFO] [stderr]     Checking trust-dns-client v0.20.4
[INFO] [stderr]    Compiling serde_with_macros v1.5.2
[INFO] [stderr]     Checking blowfish v0.9.1
[INFO] [stderr]     Checking trust-dns-resolver v0.20.4
[INFO] [stderr]     Checking toml v0.5.9
[INFO] [stderr]     Checking serde_urlencoded v0.7.1
[INFO] [stderr]     Checking tokio-util v0.6.9
[INFO] [stderr]     Checking scoped-tls v1.0.0
[INFO] [stderr]     Checking zeroize v1.5.5
[INFO] [stderr]     Checking trust-dns-server v0.20.4
[INFO] [stderr]     Checking serde_with v1.13.0
[INFO] [stderr]     Checking bcrypt v0.13.0
[INFO] [stderr]     Checking tracing-futures v0.2.5
[INFO] [stderr]     Checking ppp v1.2.2
[INFO] [stderr]     Checking acme-lib v0.8.2
[INFO] [stderr]    Compiling async-stream-impl v0.3.3
[INFO] [stderr]     Checking uuid v0.8.2
[INFO] [stderr]    Compiling serde_test v1.0.137
[INFO] [stderr]    Compiling tracing-test-macro v0.1.0
[INFO] [stderr]     Checking bollard-stubs v1.41.0
[INFO] [stderr]     Checking warp v0.3.2
[INFO] [stderr]     Checking async-stream v0.3.3
[INFO] [stderr]     Checking tracing-test v0.1.0
[INFO] [stderr]     Checking tokio-test v0.4.2
[INFO] [stderr]    Compiling sqlx-macros v0.5.13
[INFO] [stderr]     Checking sqlx v0.5.13
[INFO] [stderr]     Checking acme-dns-rust v1.1.6 (/opt/rustwide/workdir)
[INFO] [stderr]     Checking testcontainers v0.13.0
[INFO] [stdout] error: unexpected end of macro invocation
[INFO] [stdout]   --> src/config/mod.rs:89:56
[INFO] [stdout]    |
[INFO] [stdout] 89 |         assert_eq!(config.len() > redacted_config.len());
[INFO] [stdout]    |                                                        ^ missing tokens in macro arguments
[INFO] [stdout]    |
[INFO] [stdout] note: while trying to match `,`
[INFO] [stdout]   --> /rustc/e6e4f7ed1589e03bc2f6c5931c1a72e7947e8682/library/core/src/macros/mod.rs:37:16
[INFO] [stdout] 
[INFO] [stdout] 
[INFO] [stdout] error[E0432]: unresolved import `testcontainers::Docker`
[INFO] [stdout]    --> src/facade/cert.rs:294:9
[INFO] [stdout]     |
[INFO] [stdout] 294 |     use testcontainers::Docker;
[INFO] [stdout]     |         ^^^^^^^^^^^^^^^^^^^^^^ no `Docker` in the root
[INFO] [stdout] 
[INFO] [stdout] 
[INFO] [stdout] error[E0432]: unresolved import `testcontainers::Docker`
[INFO] [stdout]    --> src/facade/domain.rs:158:9
[INFO] [stdout]     |
[INFO] [stdout] 158 |     use testcontainers::Docker;
[INFO] [stdout]     |         ^^^^^^^^^^^^^^^^^^^^^^ no `Docker` in the root
[INFO] [stdout] 
[INFO] [stdout] 
[INFO] [stdout] error[E0599]: no method named `unwrap` found for type `u16` in the current scope
[INFO] [stdout]    --> src/facade/cert.rs:320:38
[INFO] [stdout]     |
[INFO] [stdout] 320 |             node.get_host_port(5432).unwrap()
[INFO] [stdout]     |                                      ^^^^^^ method not found in `u16`
[INFO] [stdout] 
[INFO] [stdout] 
[INFO] [stdout] error[E0599]: no method named `unwrap` found for type `u16` in the current scope
[INFO] [stdout]    --> src/facade/domain.rs:171:38
[INFO] [stdout]     |
[INFO] [stdout] 171 |             node.get_host_port(5432).unwrap()
[INFO] [stdout]     |                                      ^^^^^^ method not found in `u16`
[INFO] [stdout] 
[INFO] [stdout] 
[INFO] [stdout] error[E0599]: no method named `unwrap` found for type `u16` in the current scope
[INFO] [stdout]    --> src/lib.rs:104:38
[INFO] [stdout]     |
[INFO] [stdout] 104 |             node.get_host_port(5432).unwrap()
[INFO] [stdout]     |                                      ^^^^^^ method not found in `u16`
[INFO] [stdout] 
[INFO] [stdout] 
[INFO] [stdout] error: aborting due to 6 previous errors
[INFO] [stdout] 
[INFO] [stdout] 
[INFO] [stdout] Some errors have detailed explanations: E0432, E0599.
[INFO] [stdout] 
[INFO] [stdout] For more information about an error, try `rustc --explain E0432`.
[INFO] [stdout] 
[INFO] [stderr] error: could not compile `acme-dns-rust` (lib test) due to 7 previous errors
[INFO] running `Command { std: "docker" "inspect" "4b671233add2016227ec756712db9206f6778cac660e0800f718525960ba5e85", kill_on_drop: false }`
[INFO] running `Command { std: "docker" "rm" "-f" "4b671233add2016227ec756712db9206f6778cac660e0800f718525960ba5e85", kill_on_drop: false }`
[INFO] [stdout] 4b671233add2016227ec756712db9206f6778cac660e0800f718525960ba5e85
